{"id":142,"date":"2022-09-10T15:02:37","date_gmt":"2022-09-10T15:02:37","guid":{"rendered":"http:\/\/familiadelacruz.org\/?page_id=142"},"modified":"2022-10-19T03:02:23","modified_gmt":"2022-10-19T03:02:23","slug":"142-2","status":"publish","type":"page","link":"https:\/\/familiadelacruz.org\/","title":{"rendered":"Instituciones"},"content":{"rendered":"<p>[et_pb_section fb_built=&#8221;1&#8243; _builder_version=&#8221;4.18.0&#8243; _module_preset=&#8221;default&#8221; global_colors_info=&#8221;{}&#8221;][et_pb_row column_structure=&#8221;3_4,1_4&#8243; use_custom_gutter=&#8221;on&#8221; gutter_width=&#8221;2&#8243; make_equal=&#8221;on&#8221; _builder_version=&#8221;4.18.0&#8243; _module_preset=&#8221;default&#8221; width=&#8221;84%&#8221; max_width=&#8221;100%&#8221; global_colors_info=&#8221;{}&#8221;][et_pb_column type=&#8221;3_4&#8243; _builder_version=&#8221;4.18.0&#8243; _module_preset=&#8221;default&#8221; global_colors_info=&#8221;{}&#8221;][et_pb_image src=&#8221;http:\/\/familiadelacruz.org\/wp-content\/uploads\/2022\/09\/WhatsApp-Image-2022-09-10-at-4.35.11-AM-1.jpeg&#8221; title_text=&#8221;WhatsApp Image 2022-09-10 at 4.35.11 AM (1)&#8221; _builder_version=&#8221;4.18.0&#8243; _module_preset=&#8221;default&#8221; global_colors_info=&#8221;{}&#8221;][\/et_pb_image][\/et_pb_column][et_pb_column type=&#8221;1_4&#8243; _builder_version=&#8221;4.18.0&#8243; _module_preset=&#8221;default&#8221; global_colors_info=&#8221;{}&#8221;][et_pb_accordion open_toggle_background_color=&#8221;rgba(0,0,0,0)&#8221; closed_toggle_text_color=&#8221;#000000&#8243; closed_toggle_background_color=&#8221;rgba(0,0,0,0)&#8221; icon_color=&#8221;rgba(139,156,62,0.5)&#8221; _builder_version=&#8221;4.18.0&#8243; toggle_font=&#8221;||||||||&#8221; toggle_font_size=&#8221;14px&#8221; body_font=&#8221;||||||||&#8221; body_font_size=&#8221;16px&#8221; body_line_height=&#8221;1.8em&#8221; body_link_font=&#8221;||||on||||&#8221; width=&#8221;100%&#8221; custom_margin=&#8221;||||false|false&#8221; custom_padding=&#8221;0px||0px||true|false&#8221; animation_style=&#8221;slide&#8221; animation_direction=&#8221;top&#8221; animation_intensity_slide=&#8221;3%&#8221; hover_enabled=&#8221;0&#8243; border_width_all=&#8221;0px&#8221; border_width_bottom=&#8221;2px&#8221; global_colors_info=&#8221;{}&#8221; sticky_enabled=&#8221;0&#8243;][et_pb_accordion_item title=&#8221;Alianza de Amor con el Sagrado Coraz\u00f3n de Jes\u00fas&#8221; open=&#8221;off&#8221; icon_color=&#8221;#8b9c3e&#8221; _builder_version=&#8221;4.18.0&#8243; body_link_text_color=&#8221;#8b9c3e&#8221; custom_margin=&#8221;||0px|&#8221; custom_padding=&#8221;|0px||0px||true&#8221; global_colors_info=&#8221;{}&#8221; toggle_level=&#8221;h5&#8243; toggle_font=&#8221;|800|||||||&#8221; toggle_font_size=&#8221;16px&#8221;]<\/p>\n<p><a href=\"http:\/\/familiadelacruz.org\/?p=41\">M\u00e1s Informaci\u00f3n<\/a><\/p>\n<p>[\/et_pb_accordion_item][et_pb_accordion_item title=&#8221;Apostolado de la Cruz&#8221; icon_color=&#8221;#8b9c3e&#8221; _builder_version=&#8221;4.18.0&#8243; body_link_text_color=&#8221;#8b9c3e&#8221; custom_margin=&#8221;||0px|&#8221; custom_padding=&#8221;|0px||0px||true&#8221; global_colors_info=&#8221;{}&#8221; toggle_level=&#8221;h5&#8243; toggle_font=&#8221;|800|||||||&#8221; toggle_font_size=&#8221;16px&#8221; open=&#8221;off&#8221;]<\/p>\n<p><a href=\"http:\/\/familiadelacruz.org\/?p=195\">M\u00e1s Informaci\u00f3n<\/a><\/p>\n<p>[\/et_pb_accordion_item][et_pb_accordion_item title=&#8221;C\u00edrculo del Esp\u00edritu Santo y de la Cruz&#8221; icon_color=&#8221;#8b9c3e&#8221; _builder_version=&#8221;4.18.0&#8243; body_link_text_color=&#8221;#8b9c3e&#8221; custom_margin=&#8221;||0px|&#8221; custom_padding=&#8221;|0px||0px||true&#8221; hover_enabled=&#8221;0&#8243; global_colors_info=&#8221;{}&#8221; toggle_level=&#8221;h5&#8243; toggle_font=&#8221;|800|||||||&#8221; toggle_font_size=&#8221;16px&#8221; open=&#8221;on&#8221; sticky_enabled=&#8221;0&#8243;]<\/p>\n<p><a href=\"https:\/\/familiadelacruz.org\/?p=478\">M\u00e1s Informaci\u00f3n<\/a><\/p>\n<p>[\/et_pb_accordion_item][et_pb_accordion_item title=&#8221;Hermanas de la Vera Cruz Hijas de la Iglesia&#8221; icon_color=&#8221;#8b9c3e&#8221; _builder_version=&#8221;4.18.0&#8243; body_link_text_color=&#8221;#8b9c3e&#8221; custom_margin=&#8221;||0px|&#8221; custom_padding=&#8221;|0px||0px||true&#8221; global_colors_info=&#8221;{}&#8221; toggle_level=&#8221;h5&#8243; toggle_font=&#8221;|800|||||||&#8221; toggle_font_size=&#8221;16px&#8221; open=&#8221;off&#8221;]<\/p>\n<p><a href=\"http:\/\/familiadelacruz.org\/?p=104\">M\u00e1s Informaci\u00f3n<\/a><\/p>\n<p>[\/et_pb_accordion_item][et_pb_accordion_item title=&#8221;Hijas del Esp\u00edritu Santo&#8221; icon_color=&#8221;#8b9c3e&#8221; _builder_version=&#8221;4.18.0&#8243; body_link_text_color=&#8221;#8b9c3e&#8221; custom_margin=&#8221;||0px|&#8221; custom_padding=&#8221;|0px||0px||true&#8221; global_colors_info=&#8221;{}&#8221; toggle_level=&#8221;h5&#8243; toggle_font=&#8221;|800|||||||&#8221; toggle_font_size=&#8221;16px&#8221; open=&#8221;off&#8221;]<\/p>\n<p><a href=\"http:\/\/familiadelacruz.org\/?p=206\">M\u00e1s Informaci\u00f3n<\/a><\/p>\n<p>[\/et_pb_accordion_item][et_pb_accordion_item title=&#8221;Misioneras de Acci\u00f3n Cat\u00f3lica de la Inmaculada Concepci\u00f3n &#8221; icon_color=&#8221;#8b9c3e&#8221; _builder_version=&#8221;4.18.0&#8243; body_link_text_color=&#8221;#8b9c3e&#8221; custom_margin=&#8221;||0px|&#8221; custom_padding=&#8221;|0px||0px||true&#8221; global_colors_info=&#8221;{}&#8221; toggle_level=&#8221;h5&#8243; toggle_font=&#8221;|800|||||||&#8221; toggle_font_size=&#8221;16px&#8221; open=&#8221;off&#8221;]<\/p>\n<p><a href=\"http:\/\/familiadelacruz.org\/?p=224\">M\u00e1s Informaci\u00f3n<\/a><\/p>\n<p>[\/et_pb_accordion_item][et_pb_accordion_item title=&#8221;Misioneras de Jes\u00fas Hostia&#8221; icon_color=&#8221;#8b9c3e&#8221; _builder_version=&#8221;4.18.0&#8243; body_link_text_color=&#8221;#8b9c3e&#8221; custom_margin=&#8221;||0px|&#8221; custom_padding=&#8221;|0px||0px||true&#8221; global_colors_info=&#8221;{}&#8221; toggle_level=&#8221;h5&#8243; toggle_font=&#8221;|800|||||||&#8221; toggle_font_size=&#8221;16px&#8221; open=&#8221;off&#8221;]<\/p>\n<p><a href=\"http:\/\/familiadelacruz.org\/?p=242\">M\u00e1s Informaci\u00f3n<\/a><\/p>\n<p>[\/et_pb_accordion_item][et_pb_accordion_item title=&#8221;Misioneras de Jes\u00fas Sacerdote &#8221; icon_color=&#8221;#8b9c3e&#8221; _builder_version=&#8221;4.18.0&#8243; body_link_text_color=&#8221;#8b9c3e&#8221; custom_margin=&#8221;||0px|&#8221; custom_padding=&#8221;|0px||0px||true&#8221; global_colors_info=&#8221;{}&#8221; toggle_level=&#8221;h5&#8243; toggle_font=&#8221;|800|||||||&#8221; toggle_font_size=&#8221;16px&#8221; open=&#8221;off&#8221;]<\/p>\n<p><a href=\"http:\/\/familiadelacruz.org\/?p=261\">M\u00e1s Informaci\u00f3n<\/a><\/p>\n<p>[\/et_pb_accordion_item][et_pb_accordion_item title=&#8221;Misioneras de la Caridad de Mar\u00eda Inmaculada&#8221; icon_color=&#8221;#8b9c3e&#8221; _builder_version=&#8221;4.18.0&#8243; body_link_text_color=&#8221;#8b9c3e&#8221; custom_margin=&#8221;||0px|&#8221; custom_padding=&#8221;|0px||0px||true&#8221; global_colors_info=&#8221;{}&#8221; toggle_level=&#8221;h5&#8243; toggle_font=&#8221;|800|||||||&#8221; toggle_font_size=&#8221;16px&#8221; open=&#8221;off&#8221;]<\/p>\n<p><a href=\"http:\/\/familiadelacruz.org\/?p=268\">M\u00e1s Informaci\u00f3n<\/a><\/p>\n<p>[\/et_pb_accordion_item][et_pb_accordion_item title=&#8221;Misioneras Eucar\u00edsticas de la Sant\u00edsima Trinidad&#8221; icon_color=&#8221;#8b9c3e&#8221; _builder_version=&#8221;4.18.0&#8243; body_link_text_color=&#8221;#8b9c3e&#8221; custom_margin=&#8221;||0px|&#8221; custom_padding=&#8221;|0px||0px||true&#8221; global_colors_info=&#8221;{}&#8221; toggle_level=&#8221;h5&#8243; toggle_font=&#8221;|800|||||||&#8221; toggle_font_size=&#8221;16px&#8221; open=&#8221;off&#8221;]<\/p>\n<p><a href=\"http:\/\/familiadelacruz.org\/?p=280\">M\u00e1s Informaci\u00f3n<\/a><\/p>\n<p>[\/et_pb_accordion_item][et_pb_accordion_item title=&#8221;Misioneras Guadalupanas del Esp\u00edritu Santo&#8221; icon_color=&#8221;#8b9c3e&#8221; _builder_version=&#8221;4.18.0&#8243; body_link_text_color=&#8221;#8b9c3e&#8221; custom_margin=&#8221;||0px|&#8221; custom_padding=&#8221;|0px||0px||true&#8221; global_colors_info=&#8221;{}&#8221; toggle_level=&#8221;h5&#8243; toggle_font=&#8221;|800|||||||&#8221; toggle_font_size=&#8221;16px&#8221; open=&#8221;off&#8221;]<\/p>\n<p><a href=\"http:\/\/familiadelacruz.org\/?p=305\">M\u00e1s Informaci\u00f3n<\/a><\/p>\n<p>[\/et_pb_accordion_item][et_pb_accordion_item title=&#8221;Fraternidad de Vida Evang\u00e9lica Misioneros de la Cruz&#8221; icon_color=&#8221;#8b9c3e&#8221; _builder_version=&#8221;4.18.0&#8243; body_link_text_color=&#8221;#8b9c3e&#8221; custom_margin=&#8221;||0px|&#8221; custom_padding=&#8221;|0px||0px||true&#8221; global_colors_info=&#8221;{}&#8221; toggle_level=&#8221;h5&#8243; toggle_font=&#8221;|800|||||||&#8221; toggle_font_size=&#8221;16px&#8221; open=&#8221;off&#8221;]<\/p>\n<p><a href=\"http:\/\/familiadelacruz.org\/?p=315\">M\u00e1s Informaci\u00f3n<\/a><\/p>\n<p>[\/et_pb_accordion_item][et_pb_accordion_item title=&#8221;Misioneros del Esp\u00edritu Santo&#8221; icon_color=&#8221;#8b9c3e&#8221; _builder_version=&#8221;4.18.0&#8243; body_link_text_color=&#8221;#8b9c3e&#8221; custom_margin=&#8221;||0px|&#8221; custom_padding=&#8221;|0px||0px||true&#8221; hover_enabled=&#8221;0&#8243; global_colors_info=&#8221;{}&#8221; toggle_level=&#8221;h5&#8243; toggle_font=&#8221;|800|||||||&#8221; toggle_font_size=&#8221;16px&#8221; open=&#8221;off&#8221; sticky_enabled=&#8221;0&#8243;]<\/p>\n<p><a href=\"https:\/\/familiadelacruz.org\/?p=448\">M\u00e1s Informaci\u00f3n<\/a><\/p>\n<p>[\/et_pb_accordion_item][et_pb_accordion_item title=&#8221;Oblatas de Jes\u00fas Sacerdote&#8221; icon_color=&#8221;#8b9c3e&#8221; _builder_version=&#8221;4.18.0&#8243; body_link_text_color=&#8221;#8b9c3e&#8221; custom_margin=&#8221;||0px|&#8221; custom_padding=&#8221;|0px||0px||true&#8221; global_colors_info=&#8221;{}&#8221; toggle_level=&#8221;h5&#8243; toggle_font=&#8221;|800|||||||&#8221; toggle_font_size=&#8221;16px&#8221; open=&#8221;off&#8221;]<\/p>\n<p><a href=\"http:\/\/familiadelacruz.org\/?p=320\">M\u00e1s Informaci\u00f3n<\/a><\/p>\n<p>[\/et_pb_accordion_item][et_pb_accordion_item title=&#8221;Oblatas de Santa Marta&#8221; icon_color=&#8221;#8b9c3e&#8221; _builder_version=&#8221;4.18.0&#8243; body_link_text_color=&#8221;#8b9c3e&#8221; custom_margin=&#8221;||0px|&#8221; custom_padding=&#8221;|0px||0px||true&#8221; global_colors_info=&#8221;{}&#8221; toggle_level=&#8221;h5&#8243; toggle_font=&#8221;|800|||||||&#8221; toggle_font_size=&#8221;16px&#8221; open=&#8221;off&#8221;]<\/p>\n<p><a href=\"http:\/\/familiadelacruz.org\/?p=324\">M\u00e1s Informaci\u00f3n<\/a><\/p>\n<p>[\/et_pb_accordion_item][et_pb_accordion_item title=&#8221;Oblatas Eucar\u00edsticas de la Soledad de Mar\u00eda&#8221; icon_color=&#8221;#8b9c3e&#8221; _builder_version=&#8221;4.18.0&#8243; body_link_text_color=&#8221;#8b9c3e&#8221; custom_margin=&#8221;||0px|&#8221; custom_padding=&#8221;|0px||0px||true&#8221; global_colors_info=&#8221;{}&#8221; toggle_level=&#8221;h5&#8243; toggle_font=&#8221;|800|||||||&#8221; toggle_font_size=&#8221;16px&#8221; open=&#8221;off&#8221;]<\/p>\n<p><a href=\"http:\/\/familiadelacruz.org\/?p=333\">M\u00e1s Informaci\u00f3n<\/a><\/p>\n<p>[\/et_pb_accordion_item][et_pb_accordion_item title=&#8221;Religiosas De la Cruz del Sagrado Coraz\u00f3n de Jes\u00fas &#8221; icon_color=&#8221;#8b9c3e&#8221; _builder_version=&#8221;4.18.0&#8243; body_link_text_color=&#8221;#8b9c3e&#8221; custom_margin=&#8221;||0px|&#8221; custom_padding=&#8221;|0px||0px||true&#8221; global_colors_info=&#8221;{}&#8221; toggle_level=&#8221;h5&#8243; toggle_font=&#8221;|800|||||||&#8221; toggle_font_size=&#8221;16px&#8221; open=&#8221;off&#8221;]<\/p>\n<p><a href=\"http:\/\/familiadelacruz.org\/?p=346\">M\u00e1s Informaci\u00f3n<\/a><\/p>\n<p>[\/et_pb_accordion_item][\/et_pb_accordion][\/et_pb_column][\/et_pb_row][et_pb_row column_structure=&#8221;2_5,3_5&#8243; _builder_version=&#8221;4.18.0&#8243; _module_preset=&#8221;default&#8221; global_colors_info=&#8221;{}&#8221;][et_pb_column type=&#8221;2_5&#8243; _builder_version=&#8221;4.18.0&#8243; _module_preset=&#8221;default&#8221; global_colors_info=&#8221;{}&#8221;][et_pb_image src=&#8221;http:\/\/familiadelacruz.org\/wp-content\/uploads\/2022\/10\/FOTO-CONCEPCION-CABRERA.png&#8221; title_text=&#8221;FOTO CONCEPCI\u00d3N CABRERA&#8221; _builder_version=&#8221;4.18.0&#8243; _module_preset=&#8221;default&#8221; global_colors_info=&#8221;{}&#8221;][\/et_pb_image][\/et_pb_column][et_pb_column type=&#8221;3_5&#8243; _builder_version=&#8221;4.18.0&#8243; _module_preset=&#8221;default&#8221; global_colors_info=&#8221;{}&#8221;][et_pb_text _builder_version=&#8221;4.18.0&#8243; _module_preset=&#8221;default&#8221; text_font_size=&#8221;22px&#8221; text_line_height=&#8221;1.8em&#8221; header_font_size=&#8221;43px&#8221; global_colors_info=&#8221;{}&#8221;]<\/p>\n<p style=\"text-align: justify;\"><span style=\"font-weight: 400;\">La Espiritualidad de la Cruz es un don de Dios para la Iglesia y el mundo dado a trav\u00e9s de la Beata Concepci\u00f3n Cabrera de Armida. Muchas personas en diversos pa\u00edses<\/span> <span style=\"font-weight: 400;\">viven en esta espiritualidad, sea de manera individual o formando parte de alguna Instituci\u00f3n. El 16 de noviembre de mil novecientos noventa y nueve, algunas de las Instituciones que viven la Espiritualidad de la Cruz \u00a0 tomaron la decisi\u00f3n de asociarse para constituir el organismo llamado <\/span><b>FAMILIA DE LA CRUZ.<\/b><\/p>\n<p>[\/et_pb_text][\/et_pb_column][\/et_pb_row][\/et_pb_section][et_pb_section fb_built=&#8221;1&#8243; disabled_on=&#8221;on|on|on&#8221; admin_label=&#8221;Footer&#8221; _builder_version=&#8221;4.18.0&#8243; background_color=&#8221;#34587c&#8221; use_background_color_gradient=&#8221;on&#8221; background_color_gradient_type=&#8221;circular&#8221; background_color_gradient_direction_radial=&#8221;top left&#8221; background_color_gradient_stops=&#8221;rgba(139,156,62,0.7) 25%|#8b9c3e 69%&#8221; background_color_gradient_overlays_image=&#8221;on&#8221; background_color_gradient_start=&#8221;rgba(83,104,158,0.92)&#8221; background_color_gradient_start_position=&#8221;25%&#8221; background_color_gradient_end=&#8221;rgba(33,50,94,0.86)&#8221; background_color_gradient_end_position=&#8221;70%&#8221; background_image=&#8221;http:\/\/familiadelacruz.org\/wp-content\/uploads\/2022\/08\/church-01.jpg&#8221; background_blend=&#8221;multiply&#8221; max_width=&#8221;90%&#8221; module_alignment=&#8221;center&#8221; custom_margin=&#8221;||5%&#8221; custom_padding=&#8221;100px|0px|100px|0px|true|false&#8221; animation_style=&#8221;slide&#8221; animation_direction=&#8221;bottom&#8221; animation_intensity_slide=&#8221;2%&#8221; box_shadow_style=&#8221;preset1&#8243; box_shadow_vertical=&#8221;-10px&#8221; box_shadow_blur=&#8221;60px&#8221; disabled=&#8221;on&#8221; global_colors_info=&#8221;{}&#8221;][et_pb_row _builder_version=&#8221;4.16&#8243; global_colors_info=&#8221;{}&#8221;][et_pb_column type=&#8221;4_4&#8243; _builder_version=&#8221;4.16&#8243; custom_padding=&#8221;|||&#8221; global_colors_info=&#8221;{}&#8221; custom_padding__hover=&#8221;|||&#8221;][et_pb_social_media_follow _builder_version=&#8221;4.18.0&#8243; text_orientation=&#8221;center&#8221; border_radii=&#8221;on|0px|0px|0px|0px&#8221; global_colors_info=&#8221;{}&#8221;][et_pb_social_media_follow_network social_network=&#8221;facebook&#8221; icon_color=&#8221;RGBA(139,156,62,0.8)&#8221; _builder_version=&#8221;4.18.0&#8243; background_color=&#8221;#FFFFFF&#8221; background_enable_color=&#8221;on&#8221; custom_margin=&#8221;|6px||6px||true&#8221; custom_padding=&#8221;10px|10px|10px|10px|true|true&#8221; global_colors_info=&#8221;{}&#8221; follow_button=&#8221;off&#8221; url_new_window=&#8221;on&#8221;]facebook[\/et_pb_social_media_follow_network][et_pb_social_media_follow_network social_network=&#8221;twitter&#8221; icon_color=&#8221;RGBA(139,156,62,0.8)&#8221; _builder_version=&#8221;4.18.0&#8243; background_color=&#8221;#FFFFFF&#8221; background_enable_color=&#8221;on&#8221; custom_margin=&#8221;|6px||6px||true&#8221; custom_padding=&#8221;10px|10px|10px|10px|true|true&#8221; global_colors_info=&#8221;{}&#8221; follow_button=&#8221;off&#8221; url_new_window=&#8221;on&#8221;]twitter[\/et_pb_social_media_follow_network][et_pb_social_media_follow_network social_network=&#8221;youtube&#8221; icon_color=&#8221;RGBA(139,156,62,0.8)&#8221; _builder_version=&#8221;4.18.0&#8243; background_color=&#8221;#FFFFFF&#8221; background_enable_color=&#8221;on&#8221; custom_margin=&#8221;|6px||6px||true&#8221; custom_padding=&#8221;10px|10px|10px|10px|true|true&#8221; global_colors_info=&#8221;{}&#8221; follow_button=&#8221;off&#8221; url_new_window=&#8221;on&#8221;]youtube[\/et_pb_social_media_follow_network][\/et_pb_social_media_follow][\/et_pb_column][\/et_pb_row][\/et_pb_section]<\/p>\n","protected":false},"excerpt":{"rendered":"<p>M\u00e1s Informaci\u00f3nM\u00e1s Informaci\u00f3nM\u00e1s Informaci\u00f3nM\u00e1s Informaci\u00f3nM\u00e1s Informaci\u00f3nM\u00e1s Informaci\u00f3nM\u00e1s Informaci\u00f3nM\u00e1s Informaci\u00f3nM\u00e1s Informaci\u00f3nM\u00e1s Informaci\u00f3nM\u00e1s Informaci\u00f3nM\u00e1s Informaci\u00f3nM\u00e1s Informaci\u00f3nM\u00e1s Informaci\u00f3nM\u00e1s Informaci\u00f3nM\u00e1s Informaci\u00f3nM\u00e1s Informaci\u00f3nLa Espiritualidad de la Cruz es un don de Dios para la Iglesia y el mundo dado a trav\u00e9s de la Beata Concepci\u00f3n Cabrera de Armida. Muchas personas en diversos pa\u00edses viven en esta espiritualidad, sea de manera [&hellip;]<\/p>\n","protected":false},"author":1,"featured_media":0,"parent":0,"menu_order":0,"comment_status":"closed","ping_status":"closed","template":"","meta":{"_et_pb_use_builder":"on","_et_pb_old_content":"","_et_gb_content_width":"","om_disable_all_campaigns":false,"_monsterinsights_skip_tracking":false,"_monsterinsights_sitenote_active":false,"_monsterinsights_sitenote_note":"","_monsterinsights_sitenote_category":0},"aioseo_notices":[],"_links":{"self":[{"href":"https:\/\/familiadelacruz.org\/index.php?rest_route=\/wp\/v2\/pages\/142"}],"collection":[{"href":"https:\/\/familiadelacruz.org\/index.php?rest_route=\/wp\/v2\/pages"}],"about":[{"href":"https:\/\/familiadelacruz.org\/index.php?rest_route=\/wp\/v2\/types\/page"}],"author":[{"embeddable":true,"href":"https:\/\/familiadelacruz.org\/index.php?rest_route=\/wp\/v2\/users\/1"}],"replies":[{"embeddable":true,"href":"https:\/\/familiadelacruz.org\/index.php?rest_route=%2Fwp%2Fv2%2Fcomments&post=142"}],"version-history":[{"count":40,"href":"https:\/\/familiadelacruz.org\/index.php?rest_route=\/wp\/v2\/pages\/142\/revisions"}],"predecessor-version":[{"id":502,"href":"https:\/\/familiadelacruz.org\/index.php?rest_route=\/wp\/v2\/pages\/142\/revisions\/502"}],"wp:attachment":[{"href":"https:\/\/familiadelacruz.org\/index.php?rest_route=%2Fwp%2Fv2%2Fmedia&parent=142"}],"curies":[{"name":"wp","href":"https:\/\/api.w.org\/{rel}","templated":true}]}}